{"id":27,"date":"2018-01-08T15:49:40","date_gmt":"2018-01-08T15:49:40","guid":{"rendered":"http:\/\/daoart.de\/?page_id=27"},"modified":"2025-03-30T11:59:48","modified_gmt":"2025-03-30T11:59:48","slug":"daoart","status":"publish","type":"page","link":"https:\/\/daoart.de\/","title":{"rendered":"daoart"},"content":{"rendered":"<h2 style=\"text-align: center;\"><strong>Was hat Malerei mit dem Dao zu tun ?<\/strong><\/h2>\n<h2 style=\"text-align: center;\"><strong>&#8222;Besser ist aufh\u00f6ren, denn \u00fcberf\u00fcllen!&#8220;<br \/>\n<\/strong><em>(Dao de jing, 9.Kapitel)<\/em><\/h2>\n<p>&nbsp;<\/p>\n<p><a href=\"https:\/\/kulturverein-berg.de\/jahresausstellung-2024-180\/\">https:\/\/kulturverein-berg.de\/jahresausstellung-2024-180\/<\/a><\/p>\n<p><strong>Hier jedoch k\u00f6nnen Sie einzelne Werke betrachten , oder kontaktieren Sie mich:\u00a0<a href=\"mailto:info@daoart.de\"> info@daoart.de<\/a><\/strong><\/p>\n<p>Es war sehr sch\u00f6n ! Trotz Schnee und Eis sind viele BesucherInnen gekommen<br \/>\n12\/ 2023.<\/p>\n<figure id=\"attachment_165\" aria-describedby=\"caption-attachment-165\" style=\"width: 525px\" class=\"wp-caption aligncenter\"><img loading=\"lazy\" decoding=\"async\" class=\"wp-image-165 size-large\" src=\"http:\/\/daoart.de\/wp-content\/uploads\/2023\/12\/1702730713116-1024x718.jpg\" alt=\"\" width=\"525\" height=\"368\" srcset=\"https:\/\/daoart.de\/wp-content\/uploads\/2023\/12\/1702730713116-1024x718.jpg 1024w, https:\/\/daoart.de\/wp-content\/uploads\/2023\/12\/1702730713116-300x210.jpg 300w, https:\/\/daoart.de\/wp-content\/uploads\/2023\/12\/1702730713116-768x538.jpg 768w, https:\/\/daoart.de\/wp-content\/uploads\/2023\/12\/1702730713116.jpg 1280w\" sizes=\"auto, (max-width: 525px) 100vw, 525px\" \/><figcaption id=\"caption-attachment-165\" class=\"wp-caption-text\">Ausstellung 12\/2023<\/figcaption><\/figure>\n<p>&nbsp;<\/p>\n<div id='gallery-1' class='gallery galleryid-27 gallery-columns-3 gallery-size-full'><figure class='gallery-item'>\n\t\t\t<div class='gallery-icon portrait'>\n\t\t\t\t<a href='https:\/\/daoart.de\/?attachment_id=143'><img loading=\"lazy\" decoding=\"async\" width=\"1587\" height=\"2245\" src=\"https:\/\/daoart.de\/wp-content\/uploads\/2023\/10\/Malerei-26.11.2023.png\" class=\"attachment-full size-full\" alt=\"\" aria-describedby=\"gallery-1-143\" srcset=\"https:\/\/daoart.de\/wp-content\/uploads\/2023\/10\/Malerei-26.11.2023.png 1587w, https:\/\/daoart.de\/wp-content\/uploads\/2023\/10\/Malerei-26.11.2023-212x300.png 212w, https:\/\/daoart.de\/wp-content\/uploads\/2023\/10\/Malerei-26.11.2023-768x1086.png 768w, https:\/\/daoart.de\/wp-content\/uploads\/2023\/10\/Malerei-26.11.2023-724x1024.png 724w\" sizes=\"auto, 100vw\" \/><\/a>\n\t\t\t<\/div>\n\t\t\t\t<figcaption class='wp-caption-text gallery-caption' id='gallery-1-143'>\n\t\t\t\t12\/2023\n\t\t\t\t<\/figcaption><\/figure><figure class='gallery-item'>\n\t\t\t<div class='gallery-icon landscape'>\n\t\t\t\t<a href='https:\/\/daoart.de\/?attachment_id=167'><img loading=\"lazy\" decoding=\"async\" width=\"4032\" height=\"3024\" src=\"https:\/\/daoart.de\/wp-content\/uploads\/2023\/12\/IMG_6968-e1702731229708.jpg\" class=\"attachment-full size-full\" alt=\"\" aria-describedby=\"gallery-1-167\" srcset=\"https:\/\/daoart.de\/wp-content\/uploads\/2023\/12\/IMG_6968-e1702731229708.jpg 4032w, https:\/\/daoart.de\/wp-content\/uploads\/2023\/12\/IMG_6968-e1702731229708-300x225.jpg 300w, https:\/\/daoart.de\/wp-content\/uploads\/2023\/12\/IMG_6968-e1702731229708-768x576.jpg 768w, https:\/\/daoart.de\/wp-content\/uploads\/2023\/12\/IMG_6968-e1702731229708-1024x768.jpg 1024w\" sizes=\"auto, 100vw\" \/><\/a>\n\t\t\t<\/div>\n\t\t\t\t<figcaption class='wp-caption-text gallery-caption' id='gallery-1-167'>\n\t\t\t\tViele BesucherInnen\n\t\t\t\t<\/figcaption><\/figure><figure class='gallery-item'>\n\t\t\t<div class='gallery-icon portrait'>\n\t\t\t\t<a href='https:\/\/daoart.de\/?attachment_id=164'><img loading=\"lazy\" decoding=\"async\" width=\"1800\" height=\"3025\" src=\"https:\/\/daoart.de\/wp-content\/uploads\/2023\/12\/1702730713129.jpg\" class=\"attachment-full size-full\" alt=\"\" aria-describedby=\"gallery-1-164\" srcset=\"https:\/\/daoart.de\/wp-content\/uploads\/2023\/12\/1702730713129.jpg 1800w, https:\/\/daoart.de\/wp-content\/uploads\/2023\/12\/1702730713129-179x300.jpg 179w, https:\/\/daoart.de\/wp-content\/uploads\/2023\/12\/1702730713129-768x1291.jpg 768w, https:\/\/daoart.de\/wp-content\/uploads\/2023\/12\/1702730713129-609x1024.jpg 609w\" sizes=\"auto, 100vw\" \/><\/a>\n\t\t\t<\/div>\n\t\t\t\t<figcaption class='wp-caption-text gallery-caption' id='gallery-1-164'>\n\t\t\t\tAusstellung Kunstverein Berg e.V.\n\t\t\t\t<\/figcaption><\/figure><figure class='gallery-item'>\n\t\t\t<div class='gallery-icon landscape'>\n\t\t\t\t<a href='https:\/\/daoart.de\/?attachment_id=178'><img loading=\"lazy\" decoding=\"async\" width=\"4032\" height=\"3024\" src=\"https:\/\/daoart.de\/wp-content\/uploads\/2023\/12\/IMG_6932-e1702733935880.jpg\" class=\"attachment-full size-full\" alt=\"\" aria-describedby=\"gallery-1-178\" srcset=\"https:\/\/daoart.de\/wp-content\/uploads\/2023\/12\/IMG_6932-e1702733935880.jpg 4032w, https:\/\/daoart.de\/wp-content\/uploads\/2023\/12\/IMG_6932-e1702733935880-300x225.jpg 300w, https:\/\/daoart.de\/wp-content\/uploads\/2023\/12\/IMG_6932-e1702733935880-768x576.jpg 768w, https:\/\/daoart.de\/wp-content\/uploads\/2023\/12\/IMG_6932-e1702733935880-1024x768.jpg 1024w\" sizes=\"auto, 100vw\" \/><\/a>\n\t\t\t<\/div>\n\t\t\t\t<figcaption class='wp-caption-text gallery-caption' id='gallery-1-178'>\n\t\t\t\tIm Spiegel\n\t\t\t\t<\/figcaption><\/figure><figure class='gallery-item'>\n\t\t\t<div class='gallery-icon landscape'>\n\t\t\t\t<a href='https:\/\/daoart.de\/?attachment_id=177'><img loading=\"lazy\" decoding=\"async\" width=\"4032\" height=\"3024\" src=\"https:\/\/daoart.de\/wp-content\/uploads\/2023\/12\/IMG_6959-e1702733950610.jpg\" class=\"attachment-full size-full\" alt=\"\" aria-describedby=\"gallery-1-177\" srcset=\"https:\/\/daoart.de\/wp-content\/uploads\/2023\/12\/IMG_6959-e1702733950610.jpg 4032w, https:\/\/daoart.de\/wp-content\/uploads\/2023\/12\/IMG_6959-e1702733950610-300x225.jpg 300w, https:\/\/daoart.de\/wp-content\/uploads\/2023\/12\/IMG_6959-e1702733950610-768x576.jpg 768w, https:\/\/daoart.de\/wp-content\/uploads\/2023\/12\/IMG_6959-e1702733950610-1024x768.jpg 1024w\" sizes=\"auto, 100vw\" \/><\/a>\n\t\t\t<\/div>\n\t\t\t\t<figcaption class='wp-caption-text gallery-caption' id='gallery-1-177'>\n\t\t\t\tSchilfwand\n\t\t\t\t<\/figcaption><\/figure><figure class='gallery-item'>\n\t\t\t<div class='gallery-icon landscape'>\n\t\t\t\t<a href='https:\/\/daoart.de\/?attachment_id=149'><img loading=\"lazy\" decoding=\"async\" width=\"3564\" height=\"2261\" src=\"https:\/\/daoart.de\/wp-content\/uploads\/2023\/10\/94505E2D-BE2B-4F9A-9411-EB85FE027DBF.jpeg\" class=\"attachment-full size-full\" alt=\"\" aria-describedby=\"gallery-1-149\" srcset=\"https:\/\/daoart.de\/wp-content\/uploads\/2023\/10\/94505E2D-BE2B-4F9A-9411-EB85FE027DBF.jpeg 3564w, https:\/\/daoart.de\/wp-content\/uploads\/2023\/10\/94505E2D-BE2B-4F9A-9411-EB85FE027DBF-300x190.jpeg 300w, https:\/\/daoart.de\/wp-content\/uploads\/2023\/10\/94505E2D-BE2B-4F9A-9411-EB85FE027DBF-768x487.jpeg 768w, https:\/\/daoart.de\/wp-content\/uploads\/2023\/10\/94505E2D-BE2B-4F9A-9411-EB85FE027DBF-1024x650.jpeg 1024w\" sizes=\"auto, 100vw\" \/><\/a>\n\t\t\t<\/div>\n\t\t\t\t<figcaption class='wp-caption-text gallery-caption' id='gallery-1-149'>\n\t\t\t\tW\u00e4ren gerne dabei gewesen\n\t\t\t\t<\/figcaption><\/figure>\n\t\t<\/div>\n\n<h3>Des Menschen Seele gleicht dem Wasser:<br \/>\nvom Himmel kommt es, zum Himmel steigt es,<br \/>\nund wieder nieder, zur Erde mu\u00df es,<br \/>\newig wechselnd&#8230;.<\/h3>\n<p><em>(aus: Der Gesang der Geister \u00fcber den Wassern;\u00a0 J.W. v. Goethe 1779)<\/em><\/p>\n<p>&nbsp;<\/p>\n<p><strong>Am Anfang war das Dao.<\/strong><\/p>\n<p>Das Dao gebar das Eine, Das Eine gebar die Zwei.<\/p>\n<p>Die Zwei gebaren die Drei und daraus die zehntausend Wesen.<\/p>\n<p>Getragen vom Yin, umfangen vom \u00a0Yang,<\/p>\n<p>geeint werden sie durch den allumfassenden Krafthauch.<\/p>\n<h5>(aus : Laozi- \u00a0Dao De Jing, Kap. 42)<\/h5>\n<p>Kunst\u00a0 \u00a0daoart \u00a0 &#8211;\u00a0\u00a0Karen Mansesen<br \/>\n<a href=\"http:\/\/www.daomed.de\">Praxis daomed<\/a><\/p>\n<p>82319 Starnberg<\/p>\n<p>0172-8022552<\/p>\n<p>Alle Preise und Ansichten \u00a0bitte anfragen !<\/p>\n","protected":false},"excerpt":{"rendered":"<p>Was hat Malerei mit dem Dao zu tun ? &#8222;Besser ist aufh\u00f6ren, denn \u00fcberf\u00fcllen!&#8220; (Dao de jing, 9.Kapitel) &nbsp; https:\/\/kulturverein-berg.de\/jahresausstellung-2024-180\/ Hier jedoch k\u00f6nnen Sie einzelne Werke betrachten , oder kontaktieren Sie mich:\u00a0 info@daoart.de Es war sehr sch\u00f6n ! Trotz Schnee und Eis sind viele BesucherInnen gekommen 12\/ 2023. &nbsp; Des Menschen Seele gleicht dem Wasser: &hellip; <\/p>\n<p class=\"link-more\"><a href=\"https:\/\/daoart.de\/\" class=\"more-link\"><span class=\"screen-reader-text\">\u201edaoart\u201c <\/span>weiterlesen<\/a><\/p>\n","protected":false},"author":1,"featured_media":0,"parent":0,"menu_order":0,"comment_status":"closed","ping_status":"closed","template":"","meta":{"footnotes":""},"class_list":["post-27","page","type-page","status-publish","hentry"],"_links":{"self":[{"href":"https:\/\/daoart.de\/index.php?rest_route=\/wp\/v2\/pages\/27","targetHints":{"allow":["GET"]}}],"collection":[{"href":"https:\/\/daoart.de\/index.php?rest_route=\/wp\/v2\/pages"}],"about":[{"href":"https:\/\/daoart.de\/index.php?rest_route=\/wp\/v2\/types\/page"}],"author":[{"embeddable":true,"href":"https:\/\/daoart.de\/index.php?rest_route=\/wp\/v2\/users\/1"}],"replies":[{"embeddable":true,"href":"https:\/\/daoart.de\/index.php?rest_route=%2Fwp%2Fv2%2Fcomments&post=27"}],"version-history":[{"count":22,"href":"https:\/\/daoart.de\/index.php?rest_route=\/wp\/v2\/pages\/27\/revisions"}],"predecessor-version":[{"id":191,"href":"https:\/\/daoart.de\/index.php?rest_route=\/wp\/v2\/pages\/27\/revisions\/191"}],"wp:attachment":[{"href":"https:\/\/daoart.de\/index.php?rest_route=%2Fwp%2Fv2%2Fmedia&parent=27"}],"curies":[{"name":"wp","href":"https:\/\/api.w.org\/{rel}","templated":true}]}}